. List the prime factors of s(48).
2, 3, 1319
Let q(i) = -14953*i**3 - i**2 + 3. List the prime factors of q(-1).
3, 5, 997
Suppose -6 = -2*m + 3*m + 4*n, -5*m = 5*n. Suppose -4*z + 136 = -m*z + 5*r, 2*r - 69 = -z. Let g = 110 - z. What are the prime factors of g?
37
What are the prime factors of (((-96)/(-40))/((-3)/(-39320)))/(6/12)?
2, 983
Suppose j - 5 = -3*s + 12, -3*j - 14 = -4*s. Let q(x) = 79 + x**2 - 4*x**j + x**3 + 4*x**2. List the prime factors of q(0).
79
Suppose -4*v - 5*u = -48958, 4*u + 7280 + 4949 = v. What are the prime factors of v?
3, 4079
Let x(m) = 324*m - 42. Let v be (-66)/(-13) - ((-524)/(-52) - 10). List the prime factors of x(v).
2, 3, 263
Let l be (0 + (-12288)/9)*(-9)/6. Suppose 125*r = 129*r - l. What are the prime factors of r?
2
Suppose -26 = -4*t + 130. Suppose 15 = -3*q, 0 = -5*s + 3*q + 124 + 636. Suppose -s = -5*p - t. What are the prime factors of p?
2, 11
List the prime factors of 26/(-65)*-15765 - (-4)/(-2).
2, 197
Let u = 98981 + -33534. What are the prime factors of u?
65447
Let s = -395 + 395. Suppose s = 2*x - 12*x + 7350. What are the prime factors of x?
3, 5, 7
Let k(d) = -132*d**3 + 3*d**2 + 2*d + 1. Let f be k(-2). Let y = f + -333. List the prime factors of y.
2, 3, 61
Let d(i) = i**2 + 9*i + 1308. Let c be d(0). Let p = c - 875. What are the prime factors of p?
433
Let w = 622 + -575. Suppose w*f - 6336 = 39*f. What are the prime factors of f?
2, 3, 11
What are the prime factors of 8 - (4 + 1 + -11)*5096?
2, 3823
Suppose -2 - 10 = -3*s. Suppose 28 - s = 8*j. What are the prime factors of (-1)/(j/6*2/(-57))?
3, 19
Let b = -37733 + 55216. List the prime factors of b.
17483
Let b = -127 - -131. Let f(q) = q**3 + 7*q**2 - 6*q - 4. What are the prime factors of f(b)?
2, 37
Suppose -5*p - 2 = -3*p. Let z be -39*(p + 0/(-4)). Suppose 3*d - 56 = -5*t, -5*t + z = 4*d - 2*d. What are the prime factors of d?
17
Suppose 0 = -5*k - w - 101, -3*w + 0*w - 3 = 0. Suppose -3*m = 4*i + 51, 3*m - 8 = 2*i + 13. Let b = i - k. List the prime factors of b.
2
Let p be 52/(-6)*33/(-22). Let q = p + -10. Suppose 364 = 5*i - 3*f - 64, -q*i - 3*f = -252. What are the prime factors of i?
5, 17
Let s = -198 + 206. List the prime factors of 8*12/9*3*s.
2
Let t = -3809 - -12960. What are the prime factors of t?
9151
Suppose 108*l - 66*l = 166068. List the prime factors of l.
2, 3, 659
Suppose -611155 = 111*o - 1281681 - 1575892. What are the prime factors of o?
2, 3, 3373
Suppose -607425 = -13*s + 256555. List the prime factors of s.
2, 5, 3323
Let p(h) = -h**3 - 12*h**2 + 9*h + 67. What are the prime factors of p(-14)?
3, 37
Let q(o) be the third derivative of o**6/120 + 11*o**5/60 - 5*o**4/24 - 5*o**3/2 + o**2 - 29. Let x be (1 - -2) + (-14)/1. What are the prime factors of q(x)?
2, 5
List the prime factors of 322 - 63 - (-3)/(-3).
2, 3, 43
Let n be 14*(0 + (-2)/(-4)). Let x = 12 - n. Suppose 312 = x*y - 143. What are the prime factors of y?
7, 13
Let g be 2399/1 + 9/(1 + 8). Let n = g - 1326. What are the prime factors of n?
2, 3, 179
Let i(m) = -m**3 + 93*m**2 + 334*m - 218. What are the prime factors of i(88)?
2, 83, 409
Let l(c) = c**3. Let r(w) = 2*w**3 + 19*w**2 + 18*w + 8. Let m(n) = -3*l(n) + r(n). Let p be m(18). List the prime factors of (-9)/((-36)/p) - -3.
167
Let m = -25 - -25. List the prime factors of (-1 + 9 - 21)*(-19 + m).
13, 19
Let h = -1563 - -1599. Let z(a) = a**2 - 4. Let u be z(3). Suppose -96 = -u*f - 5*g + 44, -2*g - h = -2*f. What are the prime factors of f?
23
Let o(m) = -168*m + 5. Let g be o(-6). Suppose -4*k - 3601 + g = -3*b, 0 = 3*k - 5*b + 1930. What are the prime factors of 12/5*k/(-15)?
2, 13
Let g(o) be the third derivative of o**6/40 - o**5/30 + o**4/12 - o**3/6 + 2*o**2. Let h be g(2). Let s = h + 23. List the prime factors of s.
2, 3, 7
Let c be (-9 + (-184)/(-24))/(1/(-12)). Suppose -1140 = -4*q + 2*j, 19*q - j = c*q + 853. List the prime factors of q.
283
Let k = 23774 + -4582. List the prime factors of k.
2, 2399
Let w = 698 + -698. Suppose 3*i - 3*s - 2703 = w, -i + 0*s = -5*s - 909. What are the prime factors of i?
29, 31
Let q(c) = c**3 - 11*c**2 - 25*c - 10. Let f be q(13). List the prime factors of (25 + -21)*f/((-6)/(-287)).
2, 7, 41
Suppose -3370*n + 3407*n = 1018314. What are the prime factors of n?
2, 3, 11, 139
Suppose -6*c + 4*n + 63 = -c, -3 = -n. Suppose -495 = -10*d + c*d. Let m = -69 - d. List the prime factors of m.
2, 3, 5
Let v = 37293 + -26605. List the prime factors of v.
2, 167
Suppose 0 = n - 2, 36 = 5*a + 2*n + n. What are the prime factors of a*142/2 - 6/(-6)?
7, 61
Let m = 47 + -177. Let v = m - -384. What are the prime factors of v?
2, 127
Let w = 11 - 10. Suppose -33*p + 174 = -24. What are the prime factors of w/(-2) + 831/p?
2, 3, 23
Let z = -18601 + 19604. List the prime factors of z.
17, 59
Suppose -13*s + 334 = -706. Let j = s - 90. Let k = 170 - j. List the prime factors of k.
2, 3, 5
Let v(y) = 145 + 8*y + 32 + 7*y**2 + 16*y + 2*y + 2*y. List the prime factors of v(-10).
3, 199
Suppose r + 0*r + 2*z = 0, 4*r + 3*z = 10. Suppose -8 - r = -4*t. Suppose -t*x + d = -358, d - 237 = -4*x + 2*x. What are the prime factors of x?
7, 17
Let f be (188/5)/((-100)/(-250)). Let j(r) = 2*r**2 + 3*r - 3. Let b be j(-7). Suppose -f = -b*m + 73*m. What are the prime factors of m?
2, 47
List the prime factors of 863442/15 + 10*8/800*2.
11, 5233
Let k be (9/27*9)/((-6)/484). Let a = k + 733. What are the prime factors of a?
491
What are the prime factors of ((-10)/30)/(1/(-13941)) - 10?
4637
Let y = -81 + 157. Suppose 44*c - 216 = -40. Suppose c*m = -4*z + y, m + 0*m - 4*z + 6 = 0. What are the prime factors of m?
2, 7
Let y be (0 + 1)*(11 - -2). Let b(c) = c**2 + 2*c - 3. Let i be b(y). Let l = 270 - i. List the prime factors of l.
2, 3, 13
Suppose -5*s + 127*x = 132*x - 32395, x - 25895 = -4*s. List the prime factors of s.
2, 809
Let d(u) = u**3 - 27*u**2 + 216*u - 457. List the prime factors of d(35).
16903
Let p(f) = 56*f**3 - 13*f**2 + 104*f - 121. List the prime factors of p(9).
2, 7, 13, 223
Let h(t) = t**3 - 29*t**2 + 12*t - 13. Let i be h(29). Let s = i + 517. List the prime factors of s.
2, 3, 71
Suppose 0 = q + 4*q - 5*g - 45, -2*q = 3*g - 8. Suppose 11 = 7*y + 60. List the prime factors of (-3)/q - 808/y.
5, 23
Suppose 0 = -4*o + o + 4*z + 135, -2*o + 2*z + 90 = 0. What are the prime factors of 7644/o - (3 - 235/75)?
2, 5, 17
Let p(y) = -6*y - 1. Let r(s) = -79*s + 204. Let m(w) = 2*p(w) - r(w). List the prime factors of m(5).
3, 43
Suppose -22*d - 99 = 11, -5*d = -r + 2869. List the prime factors of r.
2, 3, 79
Let r(f) = 3*f**2 - 1. Let u be r(1). Suppose 308 = u*v + 2*v. Suppose 6*k - v - 343 = 0. What are the prime factors of k?
2, 5, 7
Suppose 313*p = 115*p - 129*p + 6551772. What are the prime factors of p?
2, 5009
Suppose 5*u = 2*x + 10*u + 6, -18 = 2*x - u. Let d be (15 - 6)/((-12)/x). What are the prime factors of ((-249)/(-4))/(d/16)?
2, 83
Let g(t) = -t**2 - t + 1629. Let l be g(0). Suppose 0 = -3*h - 3*a + l, 11*a - 525 = -h + 16*a. List the prime factors of h.
2, 3, 5
Let i(k) = k**2 - 9*k. Let b be i(9). What are the prime factors of 7 - 5 - -1 - (-440 - b)?
443
Suppose 41901 = 4*t - 21559. What are the prime factors of t?
5, 19, 167
Suppose -2*o = 4*f - 14, f + 7 + 7 = 3*o. Suppose o*i - 553 = 4*z, -2*z = 5*i + 117 - 688. List the prime factors of i.
113
Let s be (-147)/(3/(-6) + 28/35). Let q = s + 1252. List the prime factors of q.
2, 3, 127
Let i(a) = 8*a + 8 - 7*a + 2*a**2 + 10*a + 8. What are the prime factors of i(-17)?
11, 37
Let h(w) = w - 8. Let p be h(10). Suppose p*f = f - 3*z + 3, -2*f - 2 = -2*z. Suppose f = -4*j + 3*a + 233 + 233, 5*a + 10 = 0. List the prime factors of j.
5, 23
Let s = -89 - -46. Let r be (-2)/(-9) - (-6314)/99. Let c = r + s. List the prime factors of c.
3, 7
Suppose 5*g = -10, -x + 4*g + 7 + 4 = 0. Let s(k) = -11*k - 23. Let n be s(-11). Suppose 0 = -x*j - 4*j + n. List the prime factors of j.
2, 7
Suppose 4*k - 987 = -5*t, 0*k - k + 233 = 4*t. Let d = -4 + k. List the prime factors of d.
3, 83
Let j(b) = -b**3 + 6*b**2 + 6*b + 6. Let n be j(5). Let d = 116 - n. Let g = d - -40. List the prime factors of g.
5, 19
Suppose -3*z = 2*m + 36, 0 = -3*m + 5*z - 16. Let u be (m/18 - -2)*(1 + 29). Let k = u + -20